3143 composite?
False
Is 39749 prime?
True
Is 30343 a composite number?
True
Is 13073 a prime number?
False
Is 458099 prime?
False
Is 59093 composite?
False
Is 5266 prime?
False
Is 206237 a composite number?
False
Is 73985 composite?
True
Is 159703 prime?
False
Is 29443 composite?
False
Is 316205 a prime number?
False
Is 2903123 a composite number?
False
Is 253093 a prime number?
False
Is 118211 prime?
True
Is 15229 composite?
True
Is 181333 composite?
True
Is 3223 composite?
True
Is 15335 composite?
True
Is 188101 composite?
True
Is 15149 prime?
True
Is 49591 prime?
False
Is 622709 a composite number?
False
Is 851 prime?
False
Is 14809 composite?
True
Is 66919 a composite number?
False
Is 149387 prime?
False
Is 8189 composite?
True
Is 182615 a prime number?
False
Is 189127 composite?
False
Is 9233 prime?
False
Is 36451 prime?
True
Is 17219 prime?
False
Is 274061 composite?
False
Is 538537 composite?
True
Is 987131 prime?
False
Is 12373 a composite number?
False
Is 46399 composite?
False
Is 1463861 a prime number?
False
Is 170999 a composite number?
True
Is 257 a prime number?
True
Is 45233 composite?
False
Is 196577 a prime number?
False
Is 123397 prime?
True
Is 3989 a composite number?
False
Is 408739 a composite number?
True
Is 2875267 a prime number?
True
Is 13263 composite?
True
Is 4798 prime?
False
Is 2057477 composite?
False
Is 3867 a prime number?
False
Is 107897 prime?
True
Is 19069 prime?
True
Is 84377 composite?
False
Is 41161 prime?
True
Is 4442 a prime number?
False
Is 3519214 a composite number?
True
Is 2179 prime?
True
Is 232259 a composite number?
False
Is 25451 a prime number?
False
Is 189271 a prime number?
True
Is 146477 a prime number?
True
Is 1313 a prime number?
False
Is 50261 prime?
True
Is 98749 a prime number?
False
Is 10279 a prime number?
False
Is 36973 composite?
False
Is 11113 prime?
True
Is 8147 prime?
True
Is 12439 a prime number?
False
Is 2513 prime?
False
Is 11917 composite?
True
Is 527507 a composite number?
False
Is 13571 composite?
True
Is 70373 prime?
True
Is 75821 a prime number?
True
Is 7211 prime?
True
Is 1351339 a composite number?
True
Is 359251 a composite number?
True
Is 23137 a prime number?
False
Is 217 prime?
False
Is 37279 prime?
False
Is 162209 a composite number?
False
Is 4201 a composite number?
False
Is 531389 a prime number?
False
Is 23093 a composite number?
True
Is 200213 a composite number?
True
Is 446417 a composite number?
False
Is 95591 a prime number?
False
Is 156781 a composite number?
False
Is 3409 a composite number?
True
Is 14341 prime?
True
Is 165341 a composite number?
True
Is 35471 a prime number?
False
Is 3980599 a composite number?
True
Is 43087 composite?
True
Is 176957 prime?
False
Is 9227 composite?
False
Is 115499 a composite number?
False
Is 116719 a prime number?
True
Is 11797 prime?
False
Is 50581 a prime number?
True
Is 177605 composite?
True
Is 171586 a prime number?
False
Is 146131 prime?
False
Is 53503 a prime number?
True
Is 94567 composite?
True
Is 30059 prime?
True
Is 554159 a composite number?
True
Is 152769 a prime number?
False
Is 531931 a composite number?
True
Is 136103 a composite number?
True
Is 822737 composite?
True
Is 197441 a prime number?
True
Is 4559 a prime number?
False
Is 1067441 a composite number?
False
Is 29581 composite?
False
Is 100319 composite?
True
Is 27253 prime?
True
Is 262253 a composite number?
False
Is 59317 prime?
False
Is 158563 composite?
False
Is 122537 composite?
True
Is 162753 a composite number?
True
Is 377763 prime?
False
Is 23699 a prime number?
False
Is 46993 composite?
False
Is 42317 prime?
False
Is 17011 a composite number?
False
Is 127241 composite?
False
Is 4389839 composite?
False
Is 51647 prime?
True
Is 378581 a prime number?
False
Is 11647 a composite number?
True
Is 1477 composite?
True
Is 1244881 a composite number?
True
Is 227518 composite?
True
Is 5554 composite?
True
Is 381659 a composite number?
False
Is 290391 a prime number?
False
Is 20791 prime?
False
Is 1578947 composite?
True
Is 75311 composite?
True
Is 38137 a composite number?
True
Is 164357 prime?
True
Is 28265 composite?
True
Is 2017 a prime number?
True
Is 38113 prime?
True
Is 40709 a prime number?
True
Is 301141 a composite number?
False
Is 25339 composite?
False
Is 6866 a prime number?
False
Is 264587 prime?
False
Is 1939 a composite number?
True
Is 61133 a composite number?
True
Is 1279195 a composite number?
True
Is 7321 composite?
False
Is 7393 prime?
True
Is 111835 a prime number?
False
Is 7993 a composite number?
False
Is 329867 composite?
False
Is 56543 composite?
False
Is 315767 a prime number?
False
Is 428549 prime?
False
Is 785 prime?
False
Is 39679 composite?
False
Is 676337 a composite number?
False
Is 1975819 composite?
False
Is 435671 prime?
False
Is 166931 a prime number?
True
Is 495079 a prime number?
False
Is 268143 a prime number?
False
Is 4327 prime?
True
Is 66569 prime?
True
Is 68869 a composite number?
True
Is 208877 prime?
True
Is 27298 a prime number?
False
Is 390219 a prime number?
False
Is 4429 composite?
True
Is 403 a composite number?
True
Is 400921 a composite number?
True
Is 898 prime?
False
Is 5351 a prime number?
True
Is 645233 composite?
False
Is 768811 a prime number?
True
Is 110213 a composite number?
True
Is 21701 a prime number?
True
Is 9491 composite?
False
Is 3061 composite?
False
Is 5623 a prime number?
True
Is 225671 a prime number?
True
Is 491467 prime?
False
Is 6709 a prime number?
True
Is 138887 prime?
False
Is 12301 composite?
False
Is 1567 composite?
False
Is 374137 a composite number?
False
Is 39781 a prime number?
False
Is 494639 a composite number?
False
Is 62591 a composite number?
False
Is 3859 prime?
False
Is 60739 a prime number?
False
Is 3389 composite?
False
Is 842701 composite?
False
Is 12199 composite?
True
Is 2479385 composite?
True
Is 103786 a prime number?
False
Is 478189 a composite number?
False
Is 2353267 prime?
False
Is 481 a composite number?
True
Is 96953 composite?
False
Is 739 composite?
False
Is 41315 prime?
False
Is 189811 a prime number?
False
Is 199347 composite?
True
Is 478739 a prime number?
True
Is 44483 a prime number?
True
Is 13333 a prime number?
False
Is 223361 a composite number?
False
Is 68993 a composite number?
False
Is 16921 composite?
False
Is 1803251 prime?
True
Is 1214 a prime number?
False
Is 742283 a composite number?
False
Is 28705 composite?
True
Is 119219 a prime number?
False
Is 43261 prime?
True
Is 3089 prime?
True
Is 5963 a prime number?
False
Is 65899 composite?
False
Is 2424073 prime?
True
Is 30193 prime?
False
Is 8966 a composite number?
True
Is 760841 composite?
False
Is 2690995 prime?
False
Is 191339 a prime number?
True
Is 171389 composite?
True
Is 1097179 prime?
True
Is 7451 a prime number?
True
Is 594977 a composite number?
False
Is 1894 composite?
True
Is 50395 a composite number?
True
Is 14969 composite?
False
Is 521 a composite number?
False
Is 5167 a composite number?
False
Is 307537 a prime number?
True
Is 3181 prime?
True
Is 2885 a prime number?
False
Is 214283 prime?
True
Is 566399 prime?
False
Is 12273 a prime number?
False
Is 241193 composite?
True
Is 21313 a prime number?
True
Is 3133 prime?
False
Is 72599 a composite number?
True
Is 29195 a prime number?
False
Is 844927 a composite number?
False
Is 638031 prime?
False
Is 18933 composite?
True
Is 49409 composite?
False
Is 51257 a composite number?
False
Is 313441 prime?
False
Is 277847 composite?
False
Is 140827 composite?
False
Is 2759 composite?
True
Is 28891 a composite number?
True
Is 40101 composite?
True
Is 111347 prime?
True
Is 43867 a prime number?
True
Is 8467 a composite number?
False
Is 416497 prime?
True
Is 1921 a composite number?
True
Is 5737 a prime number?
True
Is 194998 a prime number?
False
Is 239901 a prime number?
False
Is 15761 prime?
True
Is 39427 a prime number?
False
Is 778637 a composite number?
True
Is 57533 a composite number?
True
Is 35251 prime?
True
Is 9313 a composite number?
True
Is 47789 a composite number?
True
Is 21961 a prime number?
True
Is 14477 composite?
True
Is 3589813 a composite number?
True
Is 24287 a composite number?
True
Is 52483 prime?
False
Is 26153 a composite number?
False
Is 11081 prime?
False
Is 2654 composite?
True
Is 49613 a compos